 (33 - (30 + -10 + -24))?
3
What is the value of 2 + (-26 - (21 + -13 - 25)) + (-2 - -3)?
-6
What is the value of -7 + 12 - (95 + -44 + (1 - 1))?
-46
What is the value of (44 - 46 - 51) + 8?
-45
What is the value of -1 + (-10 + 0 - (124 - 123)) + -11?
-23
Calculate -67 - (-79 + -21) - (-2 - -13).
22
Evaluate -5 - 7 - 1 - (1736 + -1750).
1
Evaluate -3 + -30 + (2 + 51 - 38) - -28.
10
Evaluate -41 + 33 + (-2 - (-1 - 1)) + -18.
-26
What is the value of (91 - (247 + -121)) + (0 - -54)?
19
34 - (-7 + 36) - (7 + -3 + -3 + -7)
11
(-1 - 2) + (34 - 99) + 51
-17
Calculate -91 + (78 - -41) - 150.
-122
What is 36 + 0 - (25 + -17 + -12)?
40
What is -1 + 0 + 9 + -4 - (-1 + (-15 - -10))?
10
What is the value of 14 - ((-62 + 9 - 0) + 24)?
43
Calculate 90 + -79 - ((-4 - 0) + 67 - (10 - 8)).
-50
76 - (-149 - (-94 + -41))
90
What is (46 - (73 - -9)) + -7?
-43
What is (159 - 138) + (2 - 112) - -7?
-82
What is -18 + 9 + 7 - (-1 + 23) - -13?
-11
What is -550 + 511 + (2 - (2 + -2))?
-37
What is the value of 13 + 5 + -13 - (1 - (-1 + -4))?
-1
What is (24 - -34) + -1 + -47?
10
What is -50 - ((-27 - -3) + 12 - -12 - -4)?
-54
Evaluate -14 - (1 + 2 - ((16 + -17 - -12) + -8)).
-14
Calculate (0 - (2 + 40)) + (-426 - -392 - (-29 + 2)).
-49
Calculate (28 - -10) + -26 + 14.
26
Calculate (-93 - -189) + -20 + 6 + -6 + 8.
84
Calculate -308 - -300 - (-3 + 17).
-22
What is 38 - 28 - -7 - (7 + (-45 - -6))?
49
Calculate (0 - -11) + (63 - (176 + -97)).
-5
Calculate -8 - ((0 - 55) + -33 + -88 + 126).
42
76 + -70 - (1 + 74) - -17
-52
Evaluate 4 + 28 + (9 - 18) - 21.
2
(-11 - -2 - (-539 + 559)) + 46
17
What is the value of (-62 - (41 + -8)) + 67?
-28
Calculate -57 + (14 - (13 + -10)) + 0.
-46
Calculate -108 - (-38 + -19 + 30 + (4 - -5)).
-90
What is the value of -29 - ((-8 - 131) + 63)?
47
(38 + 26 - 67) + (-22 - 45)
-70
Evaluate (-3 - -11) + (-3 - 2 - (-89 + 33)) + 8.
67
20 - (-16 - (-50 - -13) - 3)
2
Calculate 28 + -41 + 49 - (-25 - -3).
58
What is the value of 30 + (13 - (-23 + 38)) - 106?
-78
Evaluate 98 + (-20 + 18 - -19 - 14) + -6.
95
What is the value of 4 + (135 - -1 - (-31 - -59))?
112
Evaluate -71 + (-8 - -28) + (-10 - -7) + (2 - 0).
-52
Calculate 3 + -45 + -93 + 94.
-41
Evaluate -726 + 708 + (9 - 1) + 15.
5
Calculate 73 + (4 - 59) + 2 + -6 + 0.
14
What is the value of (77 - (-110 + 157)) + -57?
-27
What is the value of -184 - (126 + -279 - -91)?
-122
(25 - (1 - -1 - (-42 - -34))) + -49
-34
What is 327 - 311 - (2 - (-37 - -3))?
-20
Evaluate (46 - (6 + -16)) + -24.
32
Evaluate -9 - (13 + (-22 - -15)) - (-9 - -13 - 143).
124
15 + -9 + -33 - -110
83
What is the value of (0 - (161 + -157)) + -1 + (-13 - -1)?
-17
-4 - (25 + -15 - (-8 - -18 - -23))
19
Evaluate -146 + 91 - (8 - 35).
-28
Evaluate 30 + 4 + -105 - -53.
-18
Evaluate -14 + -16 + 4 + 74 + -66.
-18
Calculate -12 + (-23 - (74 - -1)) + 33.
-77
What is the value of (14 - -10) + -41 - 19?
-36
What is the value of 0 + (12 - (38 - -48)) + -34?
-108
What is -127 + 141 - (125 + (-10 - 0))?
-101
Evaluate 26 + (-44 - -11) + (-1 + -2 - 6 - 0).
-16
What is the value of -3 + (-2 - 7 - -47) + (8 - -1)?
44
Evaluate -118 - (-86 - 79) - 146.
-99
(9 + 216 - 114) + -104
7
What is -100 - (-22 - (27 - 19))?
-70
What is -104 + 19 + 80 + -44 + 1?
-48
Evaluate 167 + -134 + (-183 + 9 - -7) + -1 + -15.
-150
Calculate -12 + 91 + -45 - 10.
24
What is the value of -32 + 35 + (0 - 1) + (-3 - 7) - -68?
60
(15 + -34 - -26) + 4 + (-2 - -1) - 46
-36
What is the value of 1232 + -1338 - (-223 - 3)?
120
(119 - (-3 + -1 + 4)) + -174 + 101 + 72
118
-44575 - -44581 - (0 + -65 + -2 + (-1 - -4))
70
(-33 - -50) + (11 - (1 + (3 - 5)))
29
Evaluate 77 + 0 + -77 + 188 + -71.
117
(10 - 4 - 11) + -7 + 1 + 6 + 68
63
Calculate 118 + 83 + -219 - (-64 - (3 - 4)).
45
Calculate 20 - (3 + (-28 - -9)).
36
What is the value of -6 + -41 + 75 + -35 + (-4 - -1) + 1?
-9
-2 + (23 - 11) - 46
-36
What is the value of 14 - (9 - (-26 - (23 - 30)))?
-14
Calculate -8 + (25 + -15 - -12 - 42).
-28
Evaluate (12 + 24 - 60) + 64.
40
-13 + 18 + 15 - 3 - 27
-10
What is the value of 56 - 25 - (86 - -4) - -22?
-37
What is -120 + (42 - 28) + -10 + (-4 - -3)?
-117
What is 10 - 52 - -1 - -21?
-20
What is 38 - (67 - (6 + 29)) - -79?
85
Evaluate -3 + -54 + (3 - -14) + 9.
-31
Calculate 5 + 9 + (2 - (1 + -1)) + 296 + -275.
37
Evaluate -25 - -2 - -25 - -9.
11
-33 + 49 + 8 - 10
14
(27 - 1) + (-183 - -153)
-4
Evaluate 1 + -11 + (6 - (23 + -36)) + -16 + 39.
32
-97 + (-13 - (-122 - -56))
-44
What is (19 - (-10 - 13)) + 6 + (-24 - -8)?
32
Calculate -313 + 338 - (4 + (-3 - -105)).
-81
Calculate 15 - (2 - (-23 + -15 - 16)).
-41
What is the value of 6 + 8 + 4 + -16 + 8 - (-1 - 46)?
57
Calculate -40 + -2 - (647 - 778).
89
-14 + 28 + 21 + (-6 + 4 - 3)
30
Calculate -27 + (25 + 0 - 22) + 21.
-3
Calculate -75 - -157 - (15 - 25).
92
Calculate 1 + (10 - 0) + (38968 - 38997).
-18
Evaluate 51 + (15 - (119 + -162)).
109
What is -6 + 75 + -158 + 77?
-12
Evaluate -72 - (-57 - (-86 + 42)).
-59
What is the value of (1 - -44) + (-2 - (-15 + 6))?
52
What is (-12 - (-4 + 0)) + (21 + -17 + 13 - -1)?
10
Evaluate -112 + (-112 - -288 - 59).
5
7 - (22 - 33) - (1 - 0) - 5
12
(-17 - (8 - 16)) + (-71 - 5) + 12
-73
Calculate 470 - 422 - (49 - 4).
3
What is ((60 - 24) + -36 - 17) + -41?
-58
26 + 15 + -20 + 0 + -10
11
(-8 - 0) + 2556 + -2542
6
Evaluate -138 - (-231 + 73) - (0 + 30).
-10
What is -19 - ((16 - 13) + -32) - -22?
32
What is 112 + -116 - (2 - (83 - 13))?
64
Evaluate (74 - (-41 + 80)) + -40.
-5
33 + (-19 + 1 - (-864 + 867))
12
Evaluate (14 - (-6 - -42)) + 41.
19
Calculate 8 + (-13 - -14) + 11 + (6 - -11).
37
What is 23 + (-949 - -826) + (-1 - -37)?
-64
Calculate (46 - (-17 - -67)) + -35.
-39
What is (-37 + 49 - 47) + 82?
47
Evaluate (24 - 5 - 4) + 0 + -15 - -48.
48
Calculate 1 - -10 - (33 + 4 + -24 + -31 + 23).
6
What is (-3 - (-1 - 95)) + (621 - 630)?
84
Calculate -1 - -4 - (30 - 13) - (-363 + 234).
115
Calculate 15 + (-28 - (-13 - 8)) - -98.
106
What is the value of 7 - ((-549 - -551) + (-44 - (-1 + -1) - 1))?
48
Calculate (-82 - -1) + (150 + -120 - 23).
-74
What is the value of -14 - (6 + (50 - 98))?
28
What is the value of -67 - (-13 - 14 - -16 - (-1 + 4))?
-53
Evaluate 37 + (22 - ((3 - -55) + -15)).
16
Calculate -27 - (61 - 74) - 40.
-54
What is -22 + 23 + -4 + 2 + (-18 + 0 - -21)?
2
Evaluate 36 + (27 + (-5 - 57) - -15).
16
Evaluate (-39 - (6 - 5)) + 55.
15
Calculate -20 - (-1 - (4 - (15 + -9))).
-21
What is the value of 3 + 1 + 0 + 147 + -214 + -21?
-84
What is (1 - 1) + -11 + (-67 - (1 + -43 + 62))?
-98
Evaluate -7 + 91 - (-1 - -8).
77
Calculate (-2331 - -2299) + (2 - 2).
-32
What is 58 + -63 + -22 - -4?
-23
(108 + -228 - 32) + 78
-74
What is the value of 13 + 11 + 1 - 7 - 17 - (-1 + 14)?
-12
Calculate -47 + -34 + 107 + 53.
79
Evaluate (-2 - -20) + 1 + -1114 + 996 + 13.
-86
Evaluate -65 + (32 - (108 - 52)).
-89
What is -31 + (-14 - 2) - -51?
4
What is the value of -78 - (-162 + 8 - -44)?
32
Evaluate (-6718 - -6845) + -225 + 3.
-95
What is -8 - ((-11 + 30 - 21) + 1 + -1 + -62)?
56
Evaluate 108 + -90 + -28 + 1 + -64 + 1.
-72
What is the value of 1053 + -936 + -66 + 1?
52
Evaluate (5 - (12 - (-36 - -23))) + 23.
3
What is the value of 10 + (97 - (114 + 14))?
-21
-1 + 1 - (-50 - (-59 - 41))
-50
Calculate -12 + 31 + 10 + (-9 - 15).
5
What is the value of 1229 + -1330 - (-162 + 1)?
60
What is -29 + -13 + -155 + 138?
-59
What is the value of 16 - (-21 + (-29 - (-14 + -14)))?
38
-1 + 26 - (5466 + -5381)
-60
-7 + 32 + -33 + (7 - 1) + -28
-30
Evaluate 5 + 0 + 4 + (111 - 51) + -14.
55
What is 23 + 20 + -20 - (-2 + -79)?
104
What is -42 - -53 - (4 + 0 + -7 - -3)?
11
Evaluate (7 + -2 - -22) + -6 + 7 + 13.
41
1 + 47 - (-7 + (1 - 5 - (-15 + 2)))
46
What is the value of (-122 - -130 - (-3 - (2 - 2))) + 43 + 13?
67
(-4 - 34) + 1 + (-44 + 32 - -11)
-38
-14 + (-21 - -3) + 20 + 12
0
What is the value of 8 - (93 - -9) - (14 + (-15 - 16) + 9)?
-86
What is the value of -17 + (62 - (-26 - -21)) + 20?
70
What is -14 + 6 + (-10 - -15 - (12 + -6))?
-9
What is 75 - (27 + -8) - 97?
-41
65 + (118 - 138) + 0
45
Calculate -12 + 27 - 33 - -7 - 10.
-21
Calculate -31 - 16 - (-28 - -23) - -22.
-20
What is the value of 8 + 1 + -45 + (21 + -11 + -9 - 10)?
-45
What is -50 + (185 - 203) + (39 - -6)?
-23
Evaluate -8 + 26 + -42 + (19 - -1).
-4
Calculate -22 - (2 + 